ts digit of 12717?
7
What is the units digit of 1624?
4
What is the thousands digit of 46911?
6
What is the units digit of 1709?
9
What is the units digit of 3077?
7
What is the tens digit of 24774?
7
What is the hundreds digit of 403?
4
What is the tens digit of 696?
9
What is the thousands digit of 50896?
0
What is the thousands digit of 1503?
1
What is the ten thousands digit of 26117?
2
What is the hundreds digit of 486?
4
What is the tens digit of 7353?
5
What is the thousands digit of 10906?
0
What is the tens digit of 16169?
6
What is the units digit of 13267?
7
What is the units digit of 1246?
6
What is the hundreds digit of 4883?
8
What is the tens digit of 934?
3
What is the thousands digit of 55618?
5
What is the tens digit of 36815?
1
What is the thousands digit of 3122?
3
What is the hundreds digit of 5716?
7
What is the hundreds digit of 20377?
3
What is the tens digit of 67207?
0
What is the units digit of 975?
5
What is the hundreds digit of 4448?
4
What is the units digit of 111795?
5
What is the ten thousands digit of 19894?
1
What is the thousands digit of 6151?
6
What is the thousands digit of 56786?
6
What is the tens digit of 456?
5
What is the hundreds digit of 43618?
6
What is the tens digit of 91?
9
What is the thousands digit of 20715?
0
What is the tens digit of 3245?
4
What is the units digit of 1042?
2
What is the units digit of 1418?
8
What is the thousands digit of 1369?
1
What is the hundreds digit of 1183?
1
What is the hundred thousands digit of 106343?
1
What is the tens digit of 90488?
8
What is the hundreds digit of 63407?
4
What is the ten thousands digit of 22917?
2
What is the ten thousands digit of 26339?
2
What is the units digit of 7884?
4
What is the thousands digit of 1692?
1
What is the units digit of 38906?
6
What is the hundreds digit of 93257?
2
What is the tens digit of 1928?
2
What is the thousands digit of 1699?
1
What is the units digit of 3752?
2
What is the ten thousands digit of 180178?
8
What is the units digit of 9548?
8
What is the units digit of 3113?
3
What is the tens digit of 16699?
9
What is the hundreds digit of 2881?
8
What is the hundreds digit of 908?
9
What is the hundreds digit of 13717?
7
What is the hundreds digit of 1700?
7
What is the tens digit of 38244?
4
What is the tens digit of 355?
5
What is the tens digit of 107391?
9
What is the hundreds digit of 116?
1
What is the tens digit of 928?
2
What is the thousands digit of 1672?
1
What is the hundreds digit of 2651?
6
What is the thousands digit of 23364?
3
What is the tens digit of 90249?
4
What is the units digit of 2171?
1
What is the units digit of 11357?
7
What is the tens digit of 30311?
1
What is the tens digit of 5110?
1
What is the ten thousands digit of 20699?
2
What is the ten thousands digit of 120347?
2
What is the tens digit of 1629?
2
What is the tens digit of 1256?
5
What is the ten thousands digit of 16924?
1
What is the units digit of 3614?
4
What is the hundreds digit of 3987?
9
What is the hundreds digit of 64731?
7
What is the thousands digit of 3990?
3
What is the units digit of 1347?
7
What is the units digit of 320?
0
What is the hundreds digit of 65927?
9
What is the hundreds digit of 30235?
2
What is the units digit of 579?
9
What is the units digit of 71798?
8
What is the hundreds digit of 5649?
6
What is the tens digit of 649?
4
What is the units digit of 2370?
0
What is the thousands digit of 3334?
3
What is the units digit of 3064?
4
What is the thousands digit of 1087?
1
What is the thousands digit of 8736?
8
What is the hundreds digit of 15756?
7
What is the units digit of 17035?
5
What is the units digit of 2409?
9
What is the thousands digit of 1334?
1
What is the hundreds digit of 23968?
9
What is the units digit of 4849?
9
What is the units digit of 933?
3
What is the tens digit of 497?
9
What is the thousands digit of 60274?
0
What is the tens digit of 434?
3
What is the units digit of 2029?
9
What is the ten thousands digit of 82885?
8
What is the hundreds digit of 58346?
3
What is the hundreds digit of 911?
9
What is the tens digit of 10496?
9
What is the thousands digit of 1158?
1
What is the thousands digit of 19982?
9
What is the ten thousands digit of 31074?
3
What is the units digit of 568?
8
What is the units digit of 9076?
6
What is the tens digit of 13?
1
What is the tens digit of 732?
3
What is the hundreds digit of 3319?
3
What is the hundreds digit of 2254?
2
What is the hundreds digit of 144?
1
What is the units digit of 449?
9
What is the tens digit of 1666?
6
What is the thousands digit of 32482?
2
What is the units digit of 36?
6
What is the units digit of 82?
2
What is the ten thousands digit of 72206?
7
What is the hundreds digit of 10301?
3
What is the thousands digit of 7743?
7
What is the hundreds digit of 430?
4
What is the units digit of 285?
5
What is the units digit of 1058?
8
What is the thousands digit of 43327?
3
What is the thousands digit of 1475?
1
What is the units digit of 962?
2
What is the units digit of 590?
0
What is the thousands digit of 1906?
1
What is the thousands digit of 64447?
4
What is the units digit of 71873?
3
What is the units digit of 6916?
6
What is the units digit of 5?
5
What is the units digit of 6408?
8
What is the units digit of 1600?
0
What is the units digit of 1316?
6
What is the tens digit of 114?
1
What is the units digit of 2551?
1
What is the units digit of 117546?
6
What is the ten thousands digit of 11608?
1
What is the thousands digit of 7488?
7
What is the ten thousands digit of 17021?
1
What is the ten thousands digit of 27856?
2
What is the units digit of 85359?
9
What is the thousands digit of 1859?
1
What is the units digit of 4251?
1
What is the thousands digit of 60379?
0
What is the thousands digit of 62523?
2
What is the tens digit of 15491?
9
What is the thousands digit of 94072?
4
What is the hundreds digit of 37315?
3
What is the units digit of 5341?
1
What is the hundreds digit of 789?
7
What is the tens digit of 4161?
6
What is the hundred thousands digit of 176893?
1
What is the hundreds digit of 15867?
8
What is the hundreds digit of 109?
1
What is the tens digit of 423?
2
What is the ten thousands digit of 17056?
1
What is the units digit of 267?
7
What is the units digit of 25903?
3
What is the thousands digit of 1326?
1
What is the units digit of 54301?
1
What is the hundreds digit of 3718?
7
What is the tens digit of 833?
3
What is the units digit of 62?
2
What is the tens digit of 6359?
5
What is the units digit of 403?
3
What is the tens digit of 15?
1
What is the thousands digit of 1904?
1
What is the tens digit of 16096?
9
What is the ten thousands digit of 28737?
2
What is the hundreds digit of 650?
6
What is the thousands digit of 107885?
7
What is the units digit of 8263?
3
What is the hundreds digit of 1339?
3
What is the units digit of 93?
3
What is the ten thousands digit of 85773?
8
What is the units digit of 45092?
2
What is the tens digit of 158?
5
What is the units digit of 1258?
8
What is the units digit of 3187?
7
What is the tens digit of 805?
0
What is the hundreds digit of 5364?
3
What is the units digit of 43384?
4
What is the units digit of 5702?
2
What is the ten thousands digit of 11797?
1
What is the hundreds digit of 8277?
2
What is the units digit of 3121?
1
What is the thousands digit of 4627?
4
What is the tens digit of 825?
2
What is the tens digit of 8690?
9
What is the units digit of 9910?
0
What is the units digit of 492?
2
What is the ten thousands digit of 31616?
3
What is the tens digit of 12336?
3
What is the units digit of 4227?
7
What is the ten thousands digit of 11983?
1
What is the units digit of 3979?
9
What is the tens digit of 585?
8
What is the units digit of 2437?
7
What is the hundreds digit of 22148?
1
What is the units digit of 56?
6
What is the tens digit of 1251?
5
What is the thousands digit of 5743?
5
What is the thousands digit of 3114?
3
What is the units digit of 704?
4
What is the thousands digit of 1204?
1
What is the hundreds digit of 1583?
5
What is the units digit of 15265?
5
What is the hundreds digit of 269?
2
What is the units digit of 4700?
0
What is the hundreds digit of 567?
5
What is the units digit of 641?
1
What is the hund